2 + 2*c + 4. Calculate s(g).
-4
Suppose 3*t + 4*n = -0*t - 4, 3*n + 12 = 0. Let z(u) = -u**3 + 5*u**2 - 4*u - 3. Calculate z(t).
-3
Let d(y) = y**2 - 4 - 9*y + 2 + 5*y + 5. What is d(4)?
3
Let p(f) = f**2 - 2*f. Suppose -9*u + 10 = -4*u. Determine p(u).
0
Let i = 7 - 2. Let d = i + -4. Let z(l) = -3*l**2 + d + 3*l - l + 1. Calculate z(2).
-6
Let l(a) = 2*a + 3. Let j(m) = -15*m - 9. Let v(w) = 7*w + 5. Let x(p) = 6*j(p) + 13*v(p). Let f be x(-13). Determine l(f).
-1
Suppose 2*g + 2*g = 12, 5*w + 3 = g. Let a(d) = -d**2 + 2. Let h be a(w). Suppose h*b = -b. Let k(x) = -x**3 + x - 3. Calculate k(b).
-3
Let h(p) = -p**3 + p + 6*p**2 + 1 + 5 + 2*p**3. Give h(-6).
0
Let i(g) = g**2 + g - 4. Let c be i(-3). Let f(d) be the third derivative of d**4/8 - d**3/2 - d**2. Calculate f(c).
3
Let a(z) = 12*z - z**2 + 4*z + 13 - 8*z. Give a(9).
4
Let i(a) = -a**2 - 3*a + 4. Suppose -3*u + 2 = -u - 4*k, 3*u + 15 = -3*k. Give i(u).
4
Let u(o) = o**2 + 7*o - 4. Let i be 41/(-3) + 6/(-18). Let a be 7/(i/6) + -3. Determine u(a).
-10
Let r(g) = -g**2 - 3*g + 7. Let l = 5 + -3. Suppose -3*f + f - 14 = 4*p, 4*f + l*p + 22 = 0. Calculate r(f).
-3
Let g(d) = -10 + 0*d + d + 22. Give g(-6).
6
Let i(t) = t**2 + 2*t + 1. Let v be 0 - 3 - (-2 + 2). Calculate i(v).
4
Let n(l) = -15*l**2 + 33*l - 25. Let z(j) = 7*j**2 - 16*j + 12. Let w(g) = -6*n(g) - 13*z(g). What is w(8)?
10
Let v(q) = -q - 5. Suppose -83 = -4*h + u, -h - u = -15 - 2. Suppose -2*a = 2*b + 2*b - h, -25 = 3*a - 5*b. Give v(a).
-5
Let l(j) be the third derivative of -1/2*j**3 - 2*j**2 + 0*j + 1/12*j**4 + 0. Determine l(4).
5
Let j(d) be the second derivative of d**5/20 - d**4/2 + d**2 + d. Suppose -22*o - 18 = -25*o. Calculate j(o).
2
Let s = 5 + -8. Let j(q) be the first derivative of -q**2 + q - 15. What is j(s)?
7
Let s(l) = l + 7. Let w be s(-7). Suppose w = 4*c + 4*k + 8, 5*c + 21 = -k + 3. Let n be ((-2)/(-8))/((-1)/c). Let b(f) = 7*f**2 - 2*f + 1. Give b(n).
6
Let d(f) be the second derivative of 3*f**5/10 - f**2/2 - 31*f. Give d(1).
5
Let x(d) = -d**3 + d**2 + 1. Let i = 13 + -18. Let k = 5 + i. Suppose -2 = -w - k*w. Determine x(w).
-3
Let p = 62 - 59. Let o(b) = 4*b**2 + 22*b - 4. Let u(g) = -3*g + 1 + 0*g - g**2 - 4*g. Let a(h) = -2*o(h) - 7*u(h). Calculate a(p).
7
Let k(m) = 5*m**3 - 19*m**2 - 8*m + 13. Let u(t) = 2*t**3 - 9*t**2 - 4*t + 6. Let h(g) = -3*k(g) + 7*u(g). What is h(-5)?
-2
Let v(n) = n**3 - 6*n**2 + 5*n + 2. Let r be v(5). Let t = r - 2. Let g(k) = -k**3 - k**2 - k - 8. What is g(t)?
-8
Let r(c) = -c - 1. Suppose -5*y - 17 = -4*o - 97, 0 = o + 5. Let g = -7 + y. Determine r(g).
-6
Let g(w) = w**3 - 10*w**2 + 11*w - 13. Let o be g(9). Let k(p) = 2 + o*p - 7 - 2*p - 2*p. Give k(5).
0
Let b(a) be the second derivative of -a**5/20 + 2*a**4/3 - 3*a**3/2 + 2*a**2 + 42*a. Determine b(7).
-10
Let y(i) = -7*i**3 + i**2 + i - 1. Suppose 3*u + 24 - 27 = 0. Give y(u).
-6
Let o(h) = 4*h + 4. Let k(z) = 8*z + 7. Let b(f) = -3*k(f) + 5*o(f). Calculate b(-2).
7
Let g(i) = -i**2 - 7*i - 9. Let a(m) = 3*m - 6*m**2 + 2*m**2 + 5*m**2 + 4 + 0. Let d(o) = -5*a(o) - 2*g(o). Determine d(-2).
-12
Let m(g) = -2*g + 8. Let o be (-68)/(-12) + 1 - (-3)/9. Give m(o).
-6
Let m be 18*(16/12)/4. Let y(n) = n**3 - 6*n**2 - n + 4. What is y(m)?
-2
Let g(d) = 4*d + 28. Let v(o) = o + 9. Let h(z) = 2*g(z) - 7*v(z). Suppose -4*f - 3*x = -2*x, 0 = 5*f - 3*x. Determine h(f).
-7
Let m be 12/(-18) + 4/6. Suppose m*x + x = 0. Let t(f) = 3 - 8*f**2 + x*f**2 + 5*f + 4*f**2 - f**3. Calculate t(-5).
3
Let t(r) = -r - 6. Let d be t(-7). Let x(n) = -8*n + 11*n - 6*n + d. What is x(2)?
-5
Let x(f) = -f**2 - 3*f + 26. Let z be x(-7). Let r(u) = u + 2. Determine r(z).
0
Let q(i) be the third derivative of -i**5/60 + 5*i**4/24 + 4*i**2. What is q(6)?
-6
Let d(y) = y**3 - 5*y**2 - 5*y - 8. Let c = 12 + -6. Determine d(c).
-2
Let w(m) = 12*m - 20. Let t(v) = -4*v + 7. Let p(l) = -17*t(l) - 6*w(l). Determine p(3).
-11
Let l(q) = 5*q + 1. Suppose 5*r = -5 - 5. Give l(r).
-9
Let r(y) = y + 1. Let s(q) = q**3 + 4*q**2 + 8*q + 7. Let l(o) = -5*r(o) + s(o). Let f = -4 + 1. What is l(f)?
2
Let n = -5 + 8. Suppose 2*l + n*v - 6 = 0, -4*l + 3*v = -36 + 6. Let m(z) = 2*z - 7. Give m(l).
5
Suppose -5*s - 2*v = -30, -2*s - 4*v + 33 = v. Let t(f) = f**3 - 4*f**2 + 2. Give t(s).
2
Let j(m) = -7*m**2 + 6*m - 10. Let f(w) = -15*w**2 + 12*w - 21. Let g(x) = -6*f(x) + 13*j(x). Suppose 2*d - c + 2 = 10, -d = -5*c + 14. Give g(d).
-4
Let y = 6 + -3. Suppose -2*z - 1 - 1 = 0, 0 = p - y*z - 7. Let h(b) = -b**2 + 3. What is h(p)?
-13
Let v(g) = 2*g**2 + 4*g. Let f be -2 + 0/(-3) - 1. Determine v(f).
6
Let s(o) = o**3 - 7*o**2 + 6*o - 1. Let g be (-47)/(-7) - (-2)/7. Let i be 3*3 - (g - 4). Calculate s(i).
-1
Suppose 16 = 3*g + 4*b, -b = 3*g - 4*b + 12. Let y(d) be the third derivative of 1/24*d**4 + 0 + g*d - 2*d**2 + 1/6*d**3. Determine y(-2).
-1
Let v(x) = x**3 - 6*x**2 - 9*x + 5. Let t be v(7). Let j = 15 + t. Let i(q) = -2*q - q**2 - 4 + j - 3 + 6. Calculate i(-5).
-10
Let b(d) = -d - 4. Let p be (-27)/(-6) + 1/2. Suppose p*m + 3 + 17 = 0. Give b(m).
0
Let n(q) be the first derivative of q**3/3 - 13*q**2/2 + 16*q - 61. Calculate n(11).
-6
Suppose y - 4 = -n, -3*n + 4*n = -4*y + 28. Let p(h) = h - 5. Let s be p(y). Let x(j) = -4*j - 3*j + 5*j + j - s. Determine x(0).
-3
Let d(t) be the third derivative of t**6/120 - t**5/12 + t**4/8 + t**3/3 + 6*t**2. Let c(y) = y - 3. Let x be c(-3). Let k = 9 + x. What is d(k)?
-7
Let k(b) = -2*b**2 + 4*b - 4 + 0*b**2 + b**2. Let c = 17 - 11. Suppose -c*n + 17 + 7 = 0. Calculate k(n).
-4
Suppose 2*f - c + 2 = 4*f, 0 = f + c + 1. Let x(j) = -j**3 + 3*j**2 + 4*j - 1. Give x(f).
11
Suppose 18 - 2 = -4*r. Let q(c) = -c**2 - 5*c + 9. Let z(l) = l**2 + 5*l - 10. Let s(u) = -7*q(u) - 6*z(u). Let g(n) be the first derivative of s(n). Give g(r).
-3
Let u(g) = 0*g + 0*g + 3*g - 4*g. Let x be u(-2). Let p(b) = -b**3 + 4*b**2 - 2*b. Calculate p(x).
4
Let c(n) = 7*n**2 - n - 1. Let l be ((-6)/(-9))/((-3)/(-9)). What is c(l)?
25
Let h(q) = -q**3 - 4*q**2 - q - 3. Let p be (2 - -1)*(48/(-9))/4. What is h(p)?
1
Let a = 4 + -3. Let i be 2 + -1 - (2 - 2). Let p(v) = v - 8*v**2 - i + 3*v - 2*v. What is p(a)?
-7
Let a(s) = -16*s**3 + 2*s**2 + s. Let c(g) = -2*g - 15. Let l be c(-7). Determine a(l).
17
Let d(i) be the first derivative of -i**6/360 - i**5/20 - i**4/12 + i**3/3 - 2. Let v(b) be the third derivative of d(b). Determine v(-6).
-2
Suppose -6*x + 92 = -2*x. Suppose -2*s - x - 9 = 3*v, 3*s + 50 = -4*v. Let n be s/(-5) + 4/(-10). Let b(f) = f**3 - 4*f**2 + 3*f - 5. Determine b(n).
7
Let p(q) = q - 1. Let u be p(-1). Let j be (-2)/(-4) + 11/u. Let x(y) = 2 + 0 - y**2 + 6*y + 2*y**2. Give x(j).
-3
Let q = 33 - 15. Let m(y) = -7 + q - 7 - y**2 - 2*y. Give m(-3).
1
Let n(f) be the second derivative of -f**7/840 + f**6/360 - f**5/120 + 7*f**4/24 + f**3/6 + 2*f. Let j(k) be the second derivative of n(k). Calculate j(0).
7
Let w(i) = i**2 + 4. Let o = 14 - 11. Let r be 0/(o/(-6)*-6). Calculate w(r).
4
Let n(t) = -11 + t**2 - 7*t + 0*t**2 + 15*t. What is n(-9)?
-2
Suppose 4*q + o + 34 + 21 = 0, -o + 49 = -4*q. Let y(m) = -m**2 - 14*m - 7. What is y(q)?
6
Let k(o) be the first derivative of o**3/3 - 7*o**2/2 - 8*o - 40. What is k(8)?
0
Let v(q) = -2*q - 13. Let d be v(-8). Let l(f) = 2*f + d*f**2 - 9*f + 0 - 2*f**2 + 6. Suppose 22 = 5*w + 2. Give l(w).
-6
Let j(y) be the second derivative of -3*y**5/20 + y**3/3 - y**2/2 + 17*y. Calculate j(1).
-2
Let j(l) = l**3 - l**2 - l - 1. Let f be ((-5 - -2) + 3)/(-2). Suppose y - 2 = -f*y. What is j(y)?
1
Let o be (-1 + 2)/((-2)/(-6)). Let a(m) be the first derivative of -m**3/3 + m**2 + 3*m - 27. What is a(o)?
0
Let h(d) = 3*d**2 + 5*d + 2. Let y = -1 - -7. Let m(o) = y*o**2 + 1 + 4*o - 4*o + 4*o - 4*o**2. Let v(z) = -3*h(z) + 4*m(z). Give v(2).
-4
Suppose -5*v + 6 = -j, v = 3*j - 36 + 12. Let d = 15 - j. Let u(w) = 0*w + 4*w - w - 2*w - d. Determine u(5).
-1
Let n(l) be the second derivative of -l**4/12 - 7*l**3/6 - 5*l**2/2 - 31*l. Determine n(-5).
5
Let l(k) = k**3 - 7*k**2 - 2. Let n be (-39)/(-6) + 2/4. Give l(n).
-2
Let m(z) = -z**3 - 6*z**2 - 7*z - 5. Let p be (-10)/3 + 22/(-33). What is m(p)?
-9
Let s(p) = -5721*p - p**2 + 5721*p + p**3. Calculate s(1).
0
Let w(u) = -u**2 + u. Suppose 5*g 